 to base 3
121002102220
What is 18421246 (base 9) in base 11?
5271850
What is -2c343 (base 16) in base 11?
-11403a
What is 100010111100111000011 (base 2) in base 8?
4274703
-1634387 (base 9) to base 15
-12e371
Convert 2013303 (base 6) to base 14.
26a7d
203440351 (base 6) to base 14
6806cb
Convert 232534 (base 6) to base 12.
b74a
-634702 (base 8) to base 12
-a2402
Convert -1100011100010111110 (base 2) to base 12.
-177b66
-11d37 (base 14) to base 6
-534325
What is -110100101110011 (base 2) in base 13?
-c397
-2a59402 (base 11) to base 15
-6d75bc
51bdca (base 16) to base 3
101002011102111
-10410430142 (base 5) to base 14
-17340a4
5101301 (base 6) to base 3
110021010001
Convert -439847 (base 10) to base 4.
-1223120213
What is 2ce1b (base 16) in base 10?
183835
What is -1044202 (base 6) in base 10?
-52778
Convert -22a66 (base 11) to base 4.
-20013022
Convert 11202131132 (base 4) to base 15.
1da2b5
1001110101100011111111 (base 2) to base 10
2578687
-8278184 (base 9) to base 12
-159291a
What is 21056435 (base 7) in base 3?
10100101100122
What is 45aa0 (base 14) in base 9?
277435
-535525154 (base 6) to base 9
-18810417
Convert -4049626 (base 10) to base 12.
-143364a
Convert -12112100020112 (base 3) to base 6.
-143000452
-1000000101011001110 (base 2) to base 13
-93769
Convert -3112131220 (base 4) to base 5.
-211102230
Convert -2246220 (base 7) to base 3.
-112021000210
What is -3dff00 (base 16) in base 3?
-21122102100121
Convert 3c397a (base 15) to base 3.
12110020011021
What is 1001011111111010001 (base 2) in base 6?
10400545
Convert -37441 (base 8) to base 7.
-65055
268120 (base 13) to base 11
587021
-2030160 (base 7) to base 11
-156299
114340141 (base 5) to base 15
aae16
-515bd (base 16) to base 12
-140a25
What is -13417a (base 11) in base 13?
-74a7a
Convert 1c953a (base 16) to base 6.
104052134
Convert 31001010 (base 4) to base 9.
81120
What is 13421311 (base 7) in base 14?
247278
4a820 (base 12) to base 10
101400
Convert 33254455 (base 7) to base 2.
1010111100111000010011
What is -3536162 (base 7) in base 13?
-128207
4853514 (base 10) to base 16
4a0f0a
What is 1112020012112 (base 3) in base 13?
2254c1
381ae6 (base 15) to base 14
4ddd30
Convert -1ad6d (base 15) to base 2.
-10101010101101011
-864385 (base 10) to base 11
-540475
15034013 (base 7) to base 15
1d0cb8
What is 9781c (base 16) in base 11?
394277
-124521 (base 6) to base 3
-120200011
1100011110011001110 (base 2) to base 16
63cce
Convert 111103552 (base 7) to base 13.
1515784
What is 2e0273 (base 15) in base 16?
21ff5a
110010010100000110 (base 2) to base 13
72a5a
Convert 2a7a4 (base 15) to base 14.
37b85
3144031133 (base 5) to base 11
3816aa5
-10485 (base 15) to base 4
-30213002
11100312 (base 5) to base 14
27497
Convert 20010102110112 (base 3) to base 12.
1110358
Convert 371134 (base 15) to base 12.
a71671
Convert 3acb98 (base 13) to base 10.
1427837
Convert -66558a (base 12) to base 5.
-404024444
Convert -57399 (base 13) to base 7.
-1231011
1522213 (base 6) to base 14
24437
-2117882 (base 9) to base 14
-217549
-3aa80 (base 11) to base 6
-1130551
-3660279 (base 12) to base 7
-155615031
What is 169ee5 (base 16) in base 3?
2210022120021
258252 (base 13) to base 10
903372
-28995e (base 15) to base 13
-53654c
What is 11300112133 (base 4) in base 3?
2211122122021
What is -2b99b4 (base 15) in base 5?
-1014430234
What is -176426 (base 8) in base 4?
-33310112
Convert 14210403 (base 5) to base 10.
147603
-10100000010000111 (base 2) to base 12
-3b59b
What is -2042122133 (base 5) in base 7?
-51110165
-565b3 (base 16) to base 4
-1112112303
-4370510 (base 10) to base 12
-1569292
7b1ab (base 12) to base 7
1253255
34a741a (base 11) to base 9
12450326
-111502342 (base 6) to base 12
-8279b2
What is -1102221122011 (base 3) in base 10?
-766642
What is -273231 (base 8) in base 14?
-26d3b
What is -12040201 (base 5) in base 14?
-2cb0a
-10410213134 (base 5) to base 10
-11413544
-1000001111001011100 (base 2) to base 11
-174879
Convert 1c0094 (base 16) to base 14.
35ab08
What is 112244303 (base 5) in base 9?
855600
What is -1881146 (base 9) in base 5?
-232312143
13006742 (base 9) to base 5
3113213041
-c4e (base 16) to base 4
-301032
What is -2701c (base 13) in base 11?
-4a543
What is -eb5c (base 16) in base 9?
-101576
Convert 4652827 (base 9) to base 4.
21212000302
What is 2aa113 (base 14) in base 10?
1487461
What is -b1b0 (base 13) in base 12?
-121bb
Convert -2027941 (base 10) to base 6.
-111244341
9a9113 (base 11) to base 12
656667
Convert -12b60a (base 15) to base 12.
-37439a
-10111101100011 (base 2) to base 15
-38db
Convert 1001011111110100 (base 2) to base 6.
500032
3d19e5 (base 15) to base 11
172a2a3
What is -8221200 (base 9) in base 4?
-100232032113
Convert 1253171 (base 8) to base 13.
c32c0
What is 13370153 (base 8) in base 12?
101234b
-45a9262 (base 11) to base 4
-132231120112
Convert -11010055 (base 6) to base 10.
-327923
What is -100100001101001110100100 (base 2) in base 7?
-143450421
Convert -10233002234 (base 5) to base 16.
-a53a9c
Convert -35c49 (base 15) to base 7.
-1313025
Convert 102102222222211 (base 3) to base 16.
5ccdfa
Convert -212240110 (base 5) to base 16.
-db94d
-206054 (base 13) to base 14
-159645
-1024000 (base 5) to base 6
-212235
Convert 24025312 (base 7) to base 16.
206a43
Convert b97116 (base 13) to base 7.
52014104
What is 11121030 (base 4) in base 10?
22092
ccc2d9 (base 14) to base 9
14060354
Convert -443a330 (base 11) to base 15.
-a3c8a2
What is -295486 (base 10) in base 15?
-5c841
-5e717 (base 15) to base 10
-301972
Convert -1b20d (base 16) to base 11.
-76536
Convert a3bc6 (base 13) to base 11.
191065
What is 21430140 (base 5) in base 16?
2d7b7
What is 2267715 (base 14) in base 8?
76403427
Convert -13871400 (base 9) to base 7.
-112422615
737ec (base 15) to base 8
1313331
What is -110110111100011110 (base 2) in base 16?
-36f1e
What is 1110101001001010100 (base 2) in base 11?
2a8558
-14040442 (base 5) to base 15
-2c69c
Convert e8b5 (base 15) to base 16.
c044
What is -395498 (base 11) in base 4?
-2113321120
Convert 9dd9b (base 16) to base 10.
646555
-104002412 (base 5) to base 13
-12b543
-253a21 (base 11) to base 16
-61c95
What is -42110044 (base 5) in base 4?
-1110312010
What is -51208 (base 9) in base 14?
-c3d6
Convert -445450 (base 6) to base 9.
-56443
34740 (base 8) to base 5
433231
8b3 (base 13) to base 10
1498
-430b4 (base 15) to base 12
-a318a
101022001321 (base 4) to base 6
240221521
c5b9 (base 16) to base 9
76381
What is 5d0a3 (base 14) in base 3?
102120121120
-285a77 (base 13) to base 3
-1211222120210
1202052 (base 7) to base 2
100101000110110010
Convert 4220225 (base 7) to base 12.
206775
Convert -500616 (base 8) to base 5.
-20223423
Convert 31501432 (base 8) to base 10.
6718234
Convert 51667 (base 8) to base 16.
53b7
-21112000001122 (base 3) to base 13
-a9b920
24872 (base 16) to base 3
21121020102
Convert 4564310 (base 7) to base 16.
8b4c3
What is -41513454 (base 8) in base 5?
-4224224044
101010100001111010101 (base 2) to base 15
1c7dd1
What is 1822077 (base 10) in base 12?
73a539
-b236b0 (base 15) to base 11
-4862708
11112012022 (base 3) to base 14
2466d
Convert -26b941 (base 13) to base 4.
-3211122231
-220002110021 (base 3) to base 12
-1aa4b1
Convert 1c052 (base 15) to base 3.
11122002212
Convert 813595 (base 10) to base 16.
c6a1b
-78268 (base 11) to base 14
-2d4b9
33262 (base 10) to base 9
50557
-63855 (base 16) to base 12
-177a99
-1657494 (base 11) to base 3
-12022022122121
What is 334426 (base 9) in base 5?
22400334
2b569 (base 14) to base 13
3a277
ecdc0 (base 15) to base 14
158279
Convert 351232 (base 9) to base 16.
337b8
Convert -4231141 (base 6) to base 16.
-32605
9892 (base 13) to base 10
21244
Convert 1001101110111111101 (base 2) to base 8.
1156775
111102211221 (base 3) to base 8
1004505
-1053a8 (base 15) to base 5
-144331313
Convert -6575 (base 13) to base 14.
-520b
Convert -9a387 (base 11) to base 14.
-3b077
What is 1311110033 (base 4) in base 13?
13a948
What is -b2a468 (base 12) in base 7?
-32525144
What is -322227 (base 14) in base 5?
-413234334
-7770 (base 16) to base 2
-111011101110000
-14164632 (base 7) to base 4
-11003333001
-10431664 (base 7) to base 5
-212224112
Convert 175150 (base 12) to base 6.
12344540
-220432421 (base 5) to base 7
-11044125
Conv